{"id":201,"date":"2020-11-04T16:48:03","date_gmt":"2020-11-04T15:48:03","guid":{"rendered":"http:\/\/claudiabirkholz.de\/?page_id=201"},"modified":"2020-12-22T17:14:16","modified_gmt":"2020-12-22T16:14:16","slug":"anfragen","status":"publish","type":"page","link":"https:\/\/portfolio.yd-media.de\/birkholz\/anfragen\/","title":{"rendered":"Anfragen"},"content":{"rendered":"<section class=\"wpb-content-wrapper\"><p>[vc_row][vc_column]<div class=\"ult-spacer spacer-69d50e672e8bb\" data-id=\"69d50e672e8bb\" data-height=\"50\" data-height-mobile=\"50\" data-height-tab=\"50\" data-height-tab-portrait=\"\" data-height-mobile-landscape=\"\" style=\"clear:both;display:block;\"><\/div>[\/vc_column][\/vc_row][vc_row][vc_column][vc_raw_html]JTNDaDElMjBjbGFzcyUzRCUyMmNiLWhoLWxpbmUlMjIlM0UlM0NzcGFuJTNFJTNDJTJGc3BhbiUzRUZvcm11bGFyJTNDJTJGaDElM0U=[\/vc_raw_html][\/vc_column][\/vc_row][vc_row gap=&#8220;35&#8243; full_height=&#8220;yes&#8220; columns_placement=&#8220;top&#8220;][vc_column width=&#8220;1\/2&#8243;]<div role=\"form\" class=\"wpcf7\" id=\"wpcf7-f7-o1\" lang=\"de-DE\" dir=\"ltr\">\n<div class=\"screen-reader-response\"><p role=\"status\" aria-live=\"polite\" aria-atomic=\"true\"><\/p> <ul><\/ul><\/div>\n<form action=\"\/birkholz\/wp-json\/wp\/v2\/pages\/201#wpcf7-f7-o1\" method=\"post\" class=\"wpcf7-form init\" novalidate=\"novalidate\" data-status=\"init\">\n<div style=\"display: none;\">\n<input type=\"hidden\" name=\"_wpcf7\" value=\"7\" \/>\n<input type=\"hidden\" name=\"_wpcf7_version\" value=\"5.3.2\" \/>\n<input type=\"hidden\" name=\"_wpcf7_locale\" value=\"de_DE\" \/>\n<input type=\"hidden\" name=\"_wpcf7_unit_tag\" value=\"wpcf7-f7-o1\" \/>\n<input type=\"hidden\" name=\"_wpcf7_container_post\" value=\"0\" \/>\n<input type=\"hidden\" name=\"_wpcf7_posted_data_hash\" value=\"\" \/>\n<\/div>\n<div class=\"form-wrap\">\n<div class=\"form-l\">\n<label>Vorname<br \/>\n<span class=\"wpcf7-form-control-wrap your-name\"><input type=\"text\" name=\"your-name\" value=\"\" size=\"40\" class=\"wpcf7-form-control wpcf7-text wpcf7-validates-as-required\" aria-required=\"true\" aria-invalid=\"false\" \/><\/span> <\/label>\n<\/div>\n<div class=\"form-r\">\n<label>Nachname<br \/>\n<span class=\"wpcf7-form-control-wrap Nachname\"><input type=\"text\" name=\"Nachname\" value=\"\" size=\"40\" class=\"wpcf7-form-control wpcf7-text wpcf7-validates-as-required\" aria-required=\"true\" aria-invalid=\"false\" \/><\/span> <\/label>\n<\/div>\n<\/div>\n<p><label>E-Mail<br \/>\n    <span class=\"wpcf7-form-control-wrap your-email\"><input type=\"email\" name=\"your-email\" value=\"\" size=\"40\" class=\"wpcf7-form-control wpcf7-text wpcf7-email wpcf7-validates-as-required wpcf7-validates-as-email\" aria-required=\"true\" aria-invalid=\"false\" \/><\/span> <\/label><\/p>\n<p><label>Betreff<br \/>\n    <span class=\"wpcf7-form-control-wrap your-subject\"><input type=\"text\" name=\"your-subject\" value=\"\" size=\"40\" class=\"wpcf7-form-control wpcf7-text\" aria-invalid=\"false\" \/><\/span> <\/label><\/p>\n<p><label>Ihre Nachricht<br \/>\n    <span class=\"wpcf7-form-control-wrap your-message\"><textarea name=\"your-message\" cols=\"40\" rows=\"10\" class=\"wpcf7-form-control wpcf7-textarea\" aria-invalid=\"false\"><\/textarea><\/span> <\/label><\/p>\n<div id=\"cf7sr-69d50e672f2a3\" class=\"cf7sr-g-recaptcha\" data-sitekey=\"6LeqUt8ZAAAAAC_9riYVdiMEmOOKj8AHWjXGeLjn\"><\/div><span class=\"wpcf7-form-control-wrap cf7sr-recaptcha\" data-name=\"cf7sr-recaptcha\"><input type=\"hidden\" name=\"cf7sr-recaptcha\" value=\"\" class=\"wpcf7-form-control\"><\/span> <\/p>\n<p><input type=\"submit\" value=\"Nachricht senden\" class=\"wpcf7-form-control wpcf7-submit\" \/><\/p>\n<div class=\"wpcf7-response-output\" aria-hidden=\"true\"><\/div><\/form><\/div>[\/vc_column][vc_column width=&#8220;1\/2&#8243;]<div class=\"ult-spacer spacer-69d50e672f2c7\" data-id=\"69d50e672f2c7\" data-height=\"20\" data-height-mobile=\"20\" data-height-tab=\"20\" data-height-tab-portrait=\"\" data-height-mobile-landscape=\"\" style=\"clear:both;display:block;\"><\/div>[vc_column_text]<\/p>\n<h2>Kontakt finden.<br \/>\nBegegnung schaffen.<\/h2>\n<p>[\/vc_column_text][vc_column_text]Planen Sie eine Kooperation? Haben Sie eine Buchungs- oder Presseanfrage? Oder m\u00f6chten Sie sich st\u00e4rker \u00fcber Claudia Janet Birkholz und ihr Engagement f\u00fcr die Neue Musik informieren?[\/vc_column_text][vc_column_text]<\/p>\n<p class=\"p1\"><span class=\"s1\">Was auch immer die Beweggr\u00fcnde f\u00fcr Ihre Kontaktaufnahme sind \u2013 wir freuen uns \u00fcber Interesse, nehmen Ihr Anliegen ernst und koordinieren es unverz\u00fcglich. Denn Claudia Janet Birkholz, f\u00fcr die das Thema Begegnung eine ganz zentrale Rolle spielt, ist immer an neuen Perspektiven und fachlichem Austausch interessiert. <\/span><\/p>\n<p>[\/vc_column_text][vc_column_text]Wir freuen uns auf Ihre Anfrage![\/vc_column_text]<div class=\"ult-spacer spacer-69d50e672f2d8\" data-id=\"69d50e672f2d8\" data-height=\"50\" data-height-mobile=\"50\" data-height-tab=\"50\" data-height-tab-portrait=\"\" data-height-mobile-landscape=\"\" style=\"clear:both;display:block;\"><\/div>[\/vc_column][\/vc_row]<\/p>\n<\/section>","protected":false},"excerpt":{"rendered":"<p>[vc_row][vc_column][\/vc_column][\/vc_row][vc_row][vc_column][vc_raw_html]JTNDaDElMjBjbGFzcyUzRCUyMmNiLWhoLWxpbmUlMjIlM0UlM0NzcGFuJTNFJTNDJTJGc3BhbiUzRUZvcm11bGFyJTNDJTJGaDElM0U=[\/vc_raw_html][\/vc_column][\/vc_row][vc_row gap=&#8220;35&#8243; full_height=&#8220;yes&#8220; columns_placement=&#8220;top&#8220;][vc_column width=&#8220;1\/2&#8243;][\/vc_column][vc_column width=&#8220;1\/2&#8243;][vc_column_text] Kontakt finden. Begegnung schaffen. [\/vc_column_text][vc_column_text]Planen Sie eine Kooperation? Haben Sie eine Buchungs- oder Presseanfrage? Oder m\u00f6chten Sie sich st\u00e4rker \u00fcber Claudia Janet Birkholz und ihr Engagement f\u00fcr die Neue Musik informieren?[\/vc_column_text][vc_column_text] Was auch immer die Beweggr\u00fcnde f\u00fcr Ihre Kontaktaufnahme sind \u2013 wir freuen uns \u00fcber Interesse, nehmen Ihr Anliegen&hellip;<\/p>\n","protected":false},"author":1,"featured_media":2898,"parent":0,"menu_order":0,"comment_status":"closed","ping_status":"closed","template":"","meta":[],"yoast_head":"<!-- This site is optimized with the Yoast SEO plugin v15.9.2 - https:\/\/yoast.com\/wordpress\/plugins\/seo\/ -->\n<title>Anfragen - Claudia Janet Birkholz<\/title>\n<meta name=\"description\" content=\"Was auch immer die Beweggr\u00fcnde f\u00fcr Ihre Kontaktaufnahme sind \u2013 wir freuen uns \u00fcber Interesse und koordinieren es unverz\u00fcglich.\" \/>\n<meta name=\"robots\" content=\"noindex, follow, max-snippet:-1, max-image-preview:large, max-video-preview:-1\" \/>\n<meta property=\"og:locale\" content=\"de_DE\" \/>\n<meta property=\"og:type\" content=\"article\" \/>\n<meta property=\"og:title\" content=\"Anfragen - Claudia Janet Birkholz\" \/>\n<meta property=\"og:description\" content=\"Was auch immer die Beweggr\u00fcnde f\u00fcr Ihre Kontaktaufnahme sind \u2013 wir freuen uns \u00fcber Interesse und koordinieren es unverz\u00fcglich.\" \/>\n<meta property=\"og:url\" content=\"https:\/\/portfolio.yd-media.de\/birkholz\/anfragen\/\" \/>\n<meta property=\"og:site_name\" content=\"Claudia Janet Birkholz\" \/>\n<meta property=\"article:publisher\" content=\"https:\/\/www.facebook.com\/CJBirkholz\" \/>\n<meta property=\"article:modified_time\" content=\"2020-12-22T16:14:16+00:00\" \/>\n<meta property=\"og:image\" content=\"https:\/\/portfolio.yd-media.de\/birkholz\/wp-content\/uploads\/2020\/12\/cjb-social-img.jpg\" \/>\n\t<meta property=\"og:image:width\" content=\"1200\" \/>\n\t<meta property=\"og:image:height\" content=\"630\" \/>\n<meta name=\"twitter:card\" content=\"summary_large_image\" \/>\n<meta name=\"twitter:label1\" content=\"Gesch\u00e4tzte Lesezeit\">\n\t<meta name=\"twitter:data1\" content=\"1\u00a0Minute\">\n<script type=\"application\/ld+json\" class=\"yoast-schema-graph\">{\"@context\":\"https:\/\/schema.org\",\"@graph\":[{\"@type\":\"WebSite\",\"@id\":\"https:\/\/portfolio.yd-media.de\/birkholz\/#website\",\"url\":\"https:\/\/portfolio.yd-media.de\/birkholz\/\",\"name\":\"Claudia Janet Birkholz\",\"description\":\"Claudia Janet Birkholz ist Pianistin und Dozentin f\\u00fcr Klavier und zeitgen\\u00f6ssische Musik an der Hochschule f\\u00fcr K\\u00fcnste Bremen (HfK).\",\"potentialAction\":[{\"@type\":\"SearchAction\",\"target\":\"https:\/\/portfolio.yd-media.de\/birkholz\/?s={search_term_string}\",\"query-input\":\"required name=search_term_string\"}],\"inLanguage\":\"de\"},{\"@type\":\"ImageObject\",\"@id\":\"https:\/\/portfolio.yd-media.de\/birkholz\/anfragen\/#primaryimage\",\"inLanguage\":\"de\",\"url\":\"https:\/\/portfolio.yd-media.de\/birkholz\/wp-content\/uploads\/2020\/12\/cjb-social-img.jpg\",\"width\":1200,\"height\":630},{\"@type\":\"WebPage\",\"@id\":\"https:\/\/portfolio.yd-media.de\/birkholz\/anfragen\/#webpage\",\"url\":\"https:\/\/portfolio.yd-media.de\/birkholz\/anfragen\/\",\"name\":\"Anfragen - Claudia Janet Birkholz\",\"isPartOf\":{\"@id\":\"https:\/\/portfolio.yd-media.de\/birkholz\/#website\"},\"primaryImageOfPage\":{\"@id\":\"https:\/\/portfolio.yd-media.de\/birkholz\/anfragen\/#primaryimage\"},\"datePublished\":\"2020-11-04T15:48:03+00:00\",\"dateModified\":\"2020-12-22T16:14:16+00:00\",\"description\":\"Was auch immer die Beweggr\\u00fcnde f\\u00fcr Ihre Kontaktaufnahme sind \\u2013 wir freuen uns \\u00fcber Interesse und koordinieren es unverz\\u00fcglich.\",\"breadcrumb\":{\"@id\":\"https:\/\/portfolio.yd-media.de\/birkholz\/anfragen\/#breadcrumb\"},\"inLanguage\":\"de\",\"potentialAction\":[{\"@type\":\"ReadAction\",\"target\":[\"https:\/\/portfolio.yd-media.de\/birkholz\/anfragen\/\"]}]},{\"@type\":\"BreadcrumbList\",\"@id\":\"https:\/\/portfolio.yd-media.de\/birkholz\/anfragen\/#breadcrumb\",\"itemListElement\":[{\"@type\":\"ListItem\",\"position\":1,\"item\":{\"@type\":\"WebPage\",\"@id\":\"https:\/\/portfolio.yd-media.de\/birkholz\/\",\"url\":\"https:\/\/portfolio.yd-media.de\/birkholz\/\",\"name\":\"Startseite\"}},{\"@type\":\"ListItem\",\"position\":2,\"item\":{\"@type\":\"WebPage\",\"@id\":\"https:\/\/portfolio.yd-media.de\/birkholz\/anfragen\/\",\"url\":\"https:\/\/portfolio.yd-media.de\/birkholz\/anfragen\/\",\"name\":\"Anfragen\"}}]}]}<\/script>\n<!-- \/ Yoast SEO plugin. -->","_links":{"self":[{"href":"https:\/\/portfolio.yd-media.de\/birkholz\/wp-json\/wp\/v2\/pages\/201"}],"collection":[{"href":"https:\/\/portfolio.yd-media.de\/birkholz\/wp-json\/wp\/v2\/pages"}],"about":[{"href":"https:\/\/portfolio.yd-media.de\/birkholz\/wp-json\/wp\/v2\/types\/page"}],"author":[{"embeddable":true,"href":"https:\/\/portfolio.yd-media.de\/birkholz\/wp-json\/wp\/v2\/users\/1"}],"replies":[{"embeddable":true,"href":"https:\/\/portfolio.yd-media.de\/birkholz\/wp-json\/wp\/v2\/comments?post=201"}],"version-history":[{"count":12,"href":"https:\/\/portfolio.yd-media.de\/birkholz\/wp-json\/wp\/v2\/pages\/201\/revisions"}],"predecessor-version":[{"id":701,"href":"https:\/\/portfolio.yd-media.de\/birkholz\/wp-json\/wp\/v2\/pages\/201\/revisions\/701"}],"wp:featuredmedia":[{"embeddable":true,"href":"https:\/\/portfolio.yd-media.de\/birkholz\/wp-json\/wp\/v2\/media\/2898"}],"wp:attachment":[{"href":"https:\/\/portfolio.yd-media.de\/birkholz\/wp-json\/wp\/v2\/media?parent=201"}],"curies":[{"name":"wp","href":"https:\/\/api.w.org\/{rel}","templated":true}]}}