{"id":59463,"date":"2019-11-07T14:52:55","date_gmt":"2019-11-07T13:52:55","guid":{"rendered":"http:\/\/backup.ag-development.de\/?page_id=59463"},"modified":"2023-01-12T14:28:09","modified_gmt":"2023-01-12T13:28:09","slug":"startseite","status":"publish","type":"page","link":"https:\/\/portfolio.yd-media.de\/aggmbh\/","title":{"rendered":"Startseite"},"content":{"rendered":"<section class=\"wpb-content-wrapper\"><p>[vc_row][vc_column][vc_raw_html]JTNDc2NyaXB0JTIwc3JjJTNEJTIyJTJGJTJGYWpheC5nb29nbGVhcGlzLmNvbSUyRmFqYXglMkZsaWJzJTJGanF1ZXJ5JTJGMS44LjElMkZqcXVlcnliLm1pbi5qcyUyMiUzRSUzQyUyRnNjcmlwdCUzRSUwQSUzQ3NjcmlwdCUyMHR5cGUlM0QlMjJ0ZXh0JTJGamF2YXNjcmlwdCUyMiUyMHNyYyUzRCUyMmh0dHBzJTNBJTJGJTJGeWQtbWVkaWEuZGUlMkZwb3J0Zm9saW8lMkZ3ZWJzZWl0ZW4lMkZhZ2dtYmglMkZTY3JvbGxNYWdpYyUyRmFzc2V0cyUyRmpzJTJGbGliJTJGZ3JlZW5zb2NrJTJGVHdlZW5NYXgubWluLmpzJTIyJTNFJTNDJTJGc2NyaXB0JTNFJTBBJTNDc2NyaXB0JTIwdHlwZSUzRCUyMnRleHQlMkZqYXZhc2NyaXB0JTIyJTIwc3JjJTNEJTIyaHR0cHMlM0ElMkYlMkZ5ZC1tZWRpYS5kZSUyRnBvcnRmb2xpbyUyRndlYnNlaXRlbiUyRmFnZ21iaCUyRlNjcm9sbE1hZ2ljJTJGc2Nyb2xsbWFnaWMlMkZ1bmNvbXByZXNzZWQlMkZTY3JvbGxNYWdpYy5qcyUyMiUzRSUzQyUyRnNjcmlwdCUzRSUwQSUzQ3NjcmlwdCUyMHR5cGUlM0QlMjJ0ZXh0JTJGamF2YXNjcmlwdCUyMiUyMHNyYyUzRCUyMmh0dHBzJTNBJTJGJTJGeWQtbWVkaWEuZGUlMkZwb3J0Zm9saW8lMkZ3ZWJzZWl0ZW4lMkZhZ2dtYmglMkZTY3JvbGxNYWdpYyUyRnNjcm9sbG1hZ2ljJTJGdW5jb21wcmVzc2VkJTJGcGx1Z2lucyUyRmFuaW1hdGlvbi5nc2FwLmpzJTIyJTNFJTNDJTJGc2NyaXB0JTNF[\/vc_raw_html][\/vc_column][\/vc_row][vc_row el_class=&#8220;t-1&#8243;][vc_column][rev_slider_vc alias=&#8220;neu-astronaut&#8220;][\/vc_column][\/vc_row][vc_row type=&#8220;vc_default&#8220; full_width=&#8220;stretch_row&#8220; css=&#8220;.vc_custom_1673360201105{background-color: #090b19 !important;}&#8220; el_id=&#8220;scroller&#8220;][vc_column][vc_row_inner][vc_column_inner][vc_column_text]<\/p>\n<h1 class=\"display-1 text-center text-light fw-bold mb-4\">Die Idee?<br \/>\nMassentauglich.<\/h1>\n<p>[\/vc_column_text][vc_column_text css=&#8220;.vc_custom_1673523906420{margin-bottom: 15px !important;}&#8220; el_class=&#8220;top-text mb-5&#8243;]Die A&amp;G GmbH ist kreatives Software-Unternehmen, vision\u00e4rer Digital-Pionier und innovativer Produktgestalter: Als Team aus Entwicklern, Programmierern und Designern k\u00fcmmern wir uns mit viel Leidenschaft und Expertise um unsere starke Vision: digitales Quittieren so einfach und komfortabel wie m\u00f6glich zu machen. So sind wir auf admin gekommen: eine App f\u00fcr digitale Kassenbons, die das Einkaufen, die Buchhaltung und die Steuererkl\u00e4rung erleichtert. Bei allem, was wir tun, geben wir uns nicht mit dem technischen Status Quo zufrieden, sondern gehen unbequeme Wege; arbeiten mit einem wachen Blick f\u00fcr neueste Technologien, vertrauen auf unser Gesp\u00fcr f\u00fcr den Zeitgeist. Und pr\u00e4gen damit das digitale Jetzt, das die Zukunft sichert.[\/vc_column_text][\/vc_column_inner][\/vc_row_inner][\/vc_column][\/vc_row][vc_row type=&#8220;vc_default&#8220; full_width=&#8220;stretch_row&#8220; css=&#8220;.vc_custom_1573136370817{padding-bottom: 50px !important;background-color: #080b19 !important;}&#8220; el_class=&#8220;black-wrapper&#8220;][vc_column][vc_row_inner el_class=&#8220;mb-5&#8243;][vc_column_inner width=&#8220;1\/2&#8243;][vc_column_text css=&#8220;.vc_custom_1673524263390{margin-bottom: 15px !important;}&#8220; el_class=&#8220;mb-5&#8243;]<\/p>\n<p class=\"apple white justify\">Die A&amp;G GmbH ist kreatives Software-Unternehmen, vision\u00e4rer Digital-Pionier und innovativer Produktgestalter: Als Team aus Entwicklern, Programmierern und Designern k\u00fcmmern wir uns mit viel Leidenschaft und Expertise um unsere starke Vision: digitales Quittieren so einfach und komfortabel wie m\u00f6glich zu machen. So sind wir auf admin gekommen: eine App f\u00fcr digitale Kassenbons, die das Einkaufen, die Buchhaltung und die Steuererkl\u00e4rung erleichtert. Bei allem, was wir tun, geben wir uns nicht mit dem technischen Status Quo zufrieden, sondern gehen unbequeme Wege; arbeiten mit einem wachen Blick f\u00fcr neueste Technologien, vertrauen auf unser Gesp\u00fcr f\u00fcr den Zeitgeist. Und pr\u00e4gen damit das digitale Jetzt, das die Zukunft sichert.<\/p>\n<p>[\/vc_column_text][\/vc_column_inner][vc_column_inner width=&#8220;1\/2&#8243;][vc_column_text el_class=&#8220;d-none d-md-block ms-0 ms-md-4&#8243;]<\/p>\n<h2 class=\"display-3 text-light fw-bold\">Nicht Startup.<br \/>\nNicht Gr\u00fcnder.<br \/>\nEntrepreneure.<\/h2>\n<p>[\/vc_column_text][\/vc_column_inner][\/vc_row_inner][vc_row_inner equal_height=&#8220;yes&#8220;][vc_column_inner width=&#8220;1\/2&#8243;][vc_column_text]<\/p>\n<h1 class=\"display-3 text-light fw-bold mb-4\">Kein einfacher Weg.<br \/>\nAber ein sinnvoller.<\/h1>\n<p>[\/vc_column_text][vc_column_text css=&#8220;.vc_custom_1568791116642{margin-bottom: 15px !important;}&#8220;]<\/p>\n<p class=\"apple white\">Die A&amp;G GmbH ist kreatives Software-Unternehmen, vision\u00e4rer Digital-Pionier und innovativer Produktgestalter: Als Team aus Entwicklern, Programmierern und Designern k\u00fcmmern wir uns mit viel Leidenschaft und Expertise um unsere starke Vision: digitales Quittieren so einfach und komfortabel wie m\u00f6glich zu machen. So sind wir auf admin gekommen: eine App f\u00fcr digitale Kassenbons, die das Einkaufen, die Buchhaltung und die Steuererkl\u00e4rung erleichtert.<\/p>\n<p>[\/vc_column_text]<div class=\"ult-spacer spacer-69d63215860f7\" data-id=\"69d63215860f7\" data-height=\"50\" data-height-mobile=\"340\" data-height-tab=\"\" data-height-tab-portrait=\"\" data-height-mobile-landscape=\"340\" style=\"clear:both;display:block;\"><\/div>[\/vc_column_inner][vc_column_inner width=&#8220;1\/2&#8243;][vc_single_image image=&#8220;59206&#8243; img_size=&#8220;full&#8220; image_hovers=&#8220;false&#8220; css=&#8220;.vc_custom_1568278314819{margin-bottom: 0px !important;border-bottom-width: 0px !important;padding-bottom: 0px !important;}&#8220; el_class=&#8220;astronaut&#8220;][\/vc_column_inner][\/vc_row_inner][\/vc_column][\/vc_row][vc_row type=&#8220;vc_default&#8220; full_width=&#8220;stretch_row&#8220; css=&#8220;.vc_custom_1673525698138{background-color: #ffffff !important;}&#8220; el_class=&#8220;d-none d-md-block&#8220;][vc_column][vc_column_text]<\/p>\n<h2 class=\"display-3 text-center fw-bold mb-4 mt-5\">Mehr als nur eine App.<\/h2>\n<p>[\/vc_column_text][vc_column_text el_class=&#8220;apple schmal-div&#8220;]<\/p>\n<p style=\"font-size: 20px; text-align: center; line-height: 34px;\">Anfang 2020 ist es soweit: Die admin App wird nach drei Jahren Entwicklungszeit zum Download bereitgestellt. Schon jetzt arbeiten wir mit vielen Handelsunternehmen unterschiedlicher Gr\u00f6\u00dfen und Branchen zusammen, um die neue Technologie zum digitalen Quittieren rechtzeitig zum Start in die Kassensysteme vor Ort zu integrieren \u2013 und damit gemeinsam den n\u00e4chsten gro\u00dfen Schritt in der Digitalisierung des Handels zu gehen.<\/p>\n<p>[\/vc_column_text]<div class=\"ult-spacer spacer-69d6321586113\" data-id=\"69d6321586113\" data-height=\"60\" data-height-mobile=\"60\" data-height-tab=\"60\" data-height-tab-portrait=\"\" data-height-mobile-landscape=\"\" style=\"clear:both;display:block;\"><\/div>[vc_separator][\/vc_column][\/vc_row][vc_row type=&#8220;vc_default&#8220; full_width=&#8220;stretch_row&#8220; css=&#8220;.vc_custom_1673358459392{background-color: #ffffff !important;}&#8220;][vc_column][vc_row_inner equal_height=&#8220;yes&#8220; el_class=&#8220;schmal-div&#8220;][vc_column_inner el_class=&#8220;index-2&#8243; width=&#8220;1\/2&#8243;][vc_column_text el_class=&#8220;white&#8220;]<\/p>\n<h2 class=\"display-4 fw-bold mb-4\">Ein Produkt.<br \/>\nKein Vergleich.<\/h2>\n<p>[\/vc_column_text][vc_column_text el_class=&#8220;white&#8220;]<\/p>\n<p class=\"apple produkt-text-1\">Von der Idee einer App zum hochkomplexen, nie da gewesenen System: Jede weitere Funktion hat den Umfang von admin erweitert und den Mehrwert f\u00fcr die Nutzer erh\u00f6ht. So ist aus einer simplen Idee eine Vision geworden; und aus einer einfachen App die erste und einzige massentaugliche L\u00f6sung zum digitalen Quittieren.<\/p>\n<p>[\/vc_column_text]<div class=\"ult-spacer spacer-69d6321586126\" data-id=\"69d6321586126\" data-height=\"25\" data-height-mobile=\"25\" data-height-tab=\"25\" data-height-tab-portrait=\"\" data-height-mobile-landscape=\"\" style=\"clear:both;display:block;\"><\/div>[vc_column_text el_class=&#8220;white&#8220;]<\/p>\n<p class=\"apple produkt-text-2\">Mit der Marktreife stehen wir vor dem n\u00e4chsten Kraftakt: admin bei H\u00e4ndlern und Verbrauchern bekannt machen \u2013 und in der Mitte der Gesellschaft zu etablieren. Damit der Papierbon mittelfristig abgel\u00f6st werden kann.<\/p>\n<p>[\/vc_column_text]<div class=\"ult-spacer spacer-69d6321586134\" data-id=\"69d6321586134\" data-height=\"25\" data-height-mobile=\"25\" data-height-tab=\"25\" data-height-tab-portrait=\"\" data-height-mobile-landscape=\"\" style=\"clear:both;display:block;\"><\/div>[vc_column_text el_class=&#8220;white&#8220;]<\/p>\n<p class=\"apple produkt-text-2\"><a style=\"color: #006ecc; text-decoration: none; font-size: 16px; font-weight: 400;\"><i class=\"fas fa-chevron-right\" style=\"margin-right: 3px;\"><\/i> Jetzt mehr erfahren<\/a><\/p>\n<p>[\/vc_column_text][\/vc_column_inner][vc_column_inner el_class=&#8220;index-1&#8243; width=&#8220;1\/2&#8243;][vc_single_image image=&#8220;59036&#8243; img_size=&#8220;full&#8220; image_hovers=&#8220;false&#8220; el_class=&#8220;smartphone-an smartphone&#8220;][vc_single_image image=&#8220;59032&#8243; img_size=&#8220;full&#8220; image_hovers=&#8220;false&#8220; el_class=&#8220;smartphone-aus smartphone&#8220;][vc_raw_html]JTNDaW1nJTIwc3R5bGUlM0QlMjJwb3NpdGlvbiUzQSUyMGFic29sdXRlJTNCJTBBJTIwJTIwJTIwJTIwei1pbmRleCUzQSUyMDUlM0IlMEElMjAlMjAlMjAlMjB3aWR0aCUzQSUyMDUwcHglM0IlMEElMjAlMjAlMjAlMjBsZWZ0JTNBJTIwLTQ4MnB4JTNCJTBBJTIwJTIwJTIwJTIwYm90dG9tJTNBJTIwMTRweCUzQiUwQSUyMCUyMCUyMCUyMGJhY2tncm91bmQlM0ElMjAlMjNmOWY5ZjklM0IlMEElMjAlMjAlMjAlMjBwYWRkaW5nJTNBJTIwNXB4JTIwN3B4JTNCJTBBJTIwJTIwJTIwJTIwYm9yZGVyLXJhZGl1cyUzQSUyMDEwcHglM0IlMEElMjAlMjAlMjAlMjBib3gtc2hhZG93JTNBJTIwMHB4JTIwMnB4JTIwMnB4JTIwLTFweCUyMCUyM2NjYyUzQiUwQSUyMCUyMCUyMCUyMGNvbG9yJTNBJTIwYmxhY2slM0IlMEElMjAlMjAlMjAlMjBkaXNwbGF5JTNBbm9uZSUzQiUyMiUyMHNyYyUzRCUyMmh0dHBzJTNBJTJGJTJGYWctZGV2ZWxvcG1lbnQuZGUlMkZ3cC1jb250ZW50JTJGdXBsb2FkcyUyRjIwMTklMkYwOSUyRmFkbWluLWxvZ28tbWluaW1hbC5wbmclMjIlM0U=[\/vc_raw_html][\/vc_column_inner][\/vc_row_inner][vc_row_inner el_class=&#8220;schmal-div&#8220;][vc_column_inner]<div class=\"ult-spacer spacer-69d6321586141\" data-id=\"69d6321586141\" data-height=\"80\" data-height-mobile=\"470\" data-height-tab=\"\" data-height-tab-portrait=\"\" data-height-mobile-landscape=\"470\" style=\"clear:both;display:block;\"><\/div>[\/vc_column_inner][\/vc_row_inner][\/vc_column][\/vc_row][vc_row type=&#8220;vc_default&#8220; full_width=&#8220;stretch_row&#8220; css=&#8220;.vc_custom_1568287279306{padding-top: 25px !important;background-color: #f2cf21 !important;}&#8220;][vc_column][vc_row_inner el_class=&#8220;schmal-div&#8220;][vc_column_inner][vc_column_text css=&#8220;.vc_custom_1568213367560{margin-bottom: 15px !important;}&#8220;]<\/p>\n<p class=\"apple\">Wir starten nicht, wir fangen nicht an. Wir sind mittendrin in einer Unternehmung, die Potenzial hat, Gesellschaft zu ver\u00e4ndern. Weil wir bestehende Strukturen hinterfragt und Innovation entwickelt haben. Das macht uns zu Entrepreneuren, die wohlgeplant, gut vorbereitet und risikobewusst handeln, um ihr Ziel zu erreichen. Dabei ist uns Selbstvermarktung zuwider. Unser Fokus liegt auf dem Projekt admin und auf seiner Realisierung. Deswegen halten wir keine Pr\u00e4sentationen, verteilen keine Flyer, schalten keine Anzeigen. Wir wollen mit der Idee begeistern. Und mit unserer digitalen L\u00f6sung \u00fcberzeugen.<\/p>\n<p>[\/vc_column_text]<div class=\"ult-spacer spacer-69d632158614c\" data-id=\"69d632158614c\" data-height=\"25\" data-height-mobile=\"25\" data-height-tab=\"25\" data-height-tab-portrait=\"\" data-height-mobile-landscape=\"\" style=\"clear:both;display:block;\"><\/div>[\/vc_column_inner][\/vc_row_inner][vc_row_inner el_class=&#8220;schmal-div&#8220;][vc_column_inner el_class=&#8220;mb-4&#8243; width=&#8220;1\/2&#8243;][vc_column_text]<\/p>\n<h2 class=\"display-4 fw-bold mb-2\">Kreieren.<\/h2>\n<p>[\/vc_column_text][vc_column_text]Unsere digitale L\u00f6sung ist kein lebensfernes Konstrukt \u2013 sondern eine Applikation, die dort einen Platz hat, wo sie gebraucht wird: Mitten im Alltag, auf dem Smartphone der Kunden.[\/vc_column_text][\/vc_column_inner][vc_column_inner el_class=&#8220;mb-4&#8243; width=&#8220;1\/2&#8243;][vc_column_text]<\/p>\n<h2 class=\"display-4 fw-bold mb-2\">Integrieren.<\/h2>\n<p>[\/vc_column_text][vc_column_text]Wir wollen nicht nur auf Trends reagieren \u2013 sondern durch unsere eigene Produktentwicklung ein neues Bon-System etablieren. Und so mit der neuesten digitalen Technologie Kunden den Alltag erleichtern \u2013 sowie Unternehmen Vorsprung sichern.[\/vc_column_text][\/vc_column_inner][\/vc_row_inner][vc_row_inner el_class=&#8220;schmal-div pb-5&#8243;][vc_column_inner el_class=&#8220;mb-4&#8243; width=&#8220;1\/2&#8243;][vc_column_text]<\/p>\n<h2 class=\"display-4 fw-bold mb-2\">Etablieren.<\/h2>\n<p>[\/vc_column_text][vc_column_text css=&#8220;.vc_custom_1564588598920{margin-bottom: 0px !important;}&#8220;]Technologie wird smart, wenn sie intelligent angewendet wird. Wenn sie ohne gro\u00dfe Vorkenntnisse verst\u00e4ndlich ist\u00a0und zur L\u00f6sung von Problemen f\u00fchrt. Das ist der Ansatz, mit dem wir admin entwickelt haben: Als A&amp;G GmbH wollten wir der Fragestellungen der Digitalisierung am Point-of-Sale mit einer innovativen\u00a0Idee und passgenauer Software begegnen \u2013 und ein System schaffen, das zu einem soliden Fundament einer vernetzten\u00a0Gesellschaft beitr\u00e4gt.[\/vc_column_text][\/vc_column_inner][vc_column_inner el_class=&#8220;mb-4&#8243; width=&#8220;1\/2&#8243;][vc_column_text]<\/p>\n<h2 class=\"display-4 fw-bold mb-2\">Innovieren.<\/h2>\n<p>[\/vc_column_text][vc_column_text css=&#8220;.vc_custom_1564588598920{margin-bottom: 0px !important;}&#8220;]Technologie wird smart, wenn sie intelligent angewendet wird. Wenn sie ohne gro\u00dfe Vorkenntnisse verst\u00e4ndlich ist\u00a0und zur L\u00f6sung von Problemen f\u00fchrt. Das ist der Ansatz, mit dem wir admin entwickelt haben: Als A&amp;G GmbH wollten wir der Fragestellungen der Digitalisierung am Point-of-Sale mit einer innovativen\u00a0Idee und passgenauer Software begegnen \u2013 und ein System schaffen, das zu einem soliden Fundament einer vernetzten\u00a0Gesellschaft beitr\u00e4gt.[\/vc_column_text][\/vc_column_inner][\/vc_row_inner][\/vc_column][\/vc_row]<\/p>\n<\/section>","protected":false},"excerpt":{"rendered":"<p>[vc_row][vc_column][vc_raw_html]JTNDc2NyaXB0JTIwc3JjJTNEJTIyJTJGJTJGYWpheC5nb29nbGVhcGlzLmNvbSUyRmFqYXglMkZsaWJzJTJGanF1ZXJ5JTJGMS44LjElMkZqcXVlcnliLm1pbi5qcyUyMiUzRSUzQyUyRnNjcmlwdCUzRSUwQSUzQ3NjcmlwdCUyMHR5cGUlM0QlMjJ0ZXh0JTJGamF2YXNjcmlwdCUyMiUyMHNyYyUzRCUyMmh0dHBzJTNBJTJGJTJGeWQtbWVkaWEuZGUlMkZwb3J0Zm9saW8lMkZ3ZWJzZWl0ZW4lMkZhZ2dtYmglMkZTY3JvbGxNYWdpYyUyRmFzc2V0cyUyRmpzJTJGbGliJTJGZ3JlZW5zb2NrJTJGVHdlZW5NYXgubWluLmpzJTIyJTNFJTNDJTJGc2NyaXB0JTNFJTBBJTNDc2NyaXB0JTIwdHlwZSUzRCUyMnRleHQlMkZqYXZhc2NyaXB0JTIyJTIwc3JjJTNEJTIyaHR0cHMlM0ElMkYlMkZ5ZC1tZWRpYS5kZSUyRnBvcnRmb2xpbyUyRndlYnNlaXRlbiUyRmFnZ21iaCUyRlNjcm9sbE1hZ2ljJTJGc2Nyb2xsbWFnaWMlMkZ1bmNvbXByZXNzZWQlMkZTY3JvbGxNYWdpYy5qcyUyMiUzRSUzQyUyRnNjcmlwdCUzRSUwQSUzQ3NjcmlwdCUyMHR5cGUlM0QlMjJ0ZXh0JTJGamF2YXNjcmlwdCUyMiUyMHNyYyUzRCUyMmh0dHBzJTNBJTJGJTJGeWQtbWVkaWEuZGUlMkZwb3J0Zm9saW8lMkZ3ZWJzZWl0ZW4lMkZhZ2dtYmglMkZTY3JvbGxNYWdpYyUyRnNjcm9sbG1hZ2ljJTJGdW5jb21wcmVzc2VkJTJGcGx1Z2lucyUyRmFuaW1hdGlvbi5nc2FwLmpzJTIyJTNFJTNDJTJGc2NyaXB0JTNF[\/vc_raw_html][\/vc_column][\/vc_row][vc_row el_class=&#8220;t-1&#8243;][vc_column][rev_slider_vc alias=&#8220;neu-astronaut&#8220;][\/vc_column][\/vc_row][vc_row type=&#8220;vc_default&#8220; full_width=&#8220;stretch_row&#8220; css=&#8220;.vc_custom_1673360201105{background-color: #090b19 !important;}&#8220; el_id=&#8220;scroller&#8220;][vc_column][vc_row_inner][vc_column_inner][vc_column_text] Die Idee? Massentauglich. [\/vc_column_text][vc_column_text css=&#8220;.vc_custom_1673523906420{margin-bottom: 15px !important;}&#8220; el_class=&#8220;top-text mb-5&#8243;]Die A&amp;G GmbH ist kreatives Software-Unternehmen, vision\u00e4rer Digital-Pionier und innovativer Produktgestalter: Als Team aus Entwicklern, Programmierern und Designern k\u00fcmmern wir uns mit viel Leidenschaft und Expertise um unsere starke Vision: digitales Quittieren so einfach und komfortabel wie m\u00f6glich&hellip;<\/p>\n","protected":false},"author":10,"featured_media":0,"parent":0,"menu_order":0,"comment_status":"closed","ping_status":"closed","template":"","meta":[],"yoast_head":"<!-- This site is optimized with the Yoast SEO plugin v16.2 - https:\/\/yoast.com\/wordpress\/plugins\/seo\/ -->\n<title>A&amp;G GmbH - Das kreative Software-Unternehmen in Bremen | A&amp;G GmbH<\/title>\n<meta name=\"description\" content=\"A&amp;G GmbH digitalisiert den Kassenbeleg. Mit einem Team aus Entwicklern und Designern haben wir admin entwickelt: die kostenlose App f\u00fcr digitale Bons.\" \/>\n<meta name=\"robots\" content=\"noindex, nofollow\" \/>\n<meta property=\"og:locale\" content=\"de_DE\" \/>\n<meta property=\"og:type\" content=\"article\" \/>\n<meta property=\"og:title\" content=\"A&amp;G GmbH - Das kreative Software-Unternehmen in Bremen\" \/>\n<meta property=\"og:description\" content=\"A&amp;G GmbH digitalisiert den Kassenbeleg. Mit einem Team aus Entwicklern und Designern haben wir admin entwickelt: die kostenlose App f\u00fcr digitale Bons.\" \/>\n<meta property=\"og:url\" content=\"https:\/\/portfolio.yd-media.de\/aggmbh\/\" \/>\n<meta property=\"og:site_name\" content=\"A&amp;G GmbH\" \/>\n<meta property=\"article:publisher\" content=\"https:\/\/www.facebook.com\/A-G-GmbH-132520234126889\/\" \/>\n<meta property=\"article:modified_time\" content=\"2023-01-12T13:28:09+00:00\" \/>\n<meta property=\"og:image\" content=\"https:\/\/yd-media.de\/portfolio\/webseiten\/aggmbh\/wp-content\/uploads\/2019\/08\/ag-development.jpg\" \/>\n\t<meta property=\"og:image:width\" content=\"1200\" \/>\n\t<meta property=\"og:image:height\" content=\"630\" \/>\n<meta name=\"twitter:card\" content=\"summary_large_image\" \/>\n<meta name=\"twitter:site\" content=\"@gmbh_a\" \/>\n<meta name=\"twitter:label1\" content=\"Gesch\u00e4tzte Lesezeit\">\n\t<meta name=\"twitter:data1\" content=\"4\u00a0Minuten\">\n<script type=\"application\/ld+json\" class=\"yoast-schema-graph\">{\"@context\":\"https:\/\/schema.org\",\"@graph\":[{\"@type\":\"Organization\",\"@id\":\"https:\/\/portfolio.yd-media.de\/aggmbh\/#organization\",\"name\":\"A&G GmbH\",\"url\":\"https:\/\/portfolio.yd-media.de\/aggmbh\/\",\"sameAs\":[\"https:\/\/www.facebook.com\/A-G-GmbH-132520234126889\/\",\"https:\/\/www.youtube.com\/channel\/UCCQs07sG_EY91XHd6cttnZQ\",\"https:\/\/twitter.com\/gmbh_a\"],\"logo\":{\"@type\":\"ImageObject\",\"@id\":\"https:\/\/portfolio.yd-media.de\/aggmbh\/#logo\",\"inLanguage\":\"de\",\"url\":\"https:\/\/yd-media.de\/portfolio\/webseiten\/aggmbh\/wp-content\/uploads\/2018\/07\/test1.png\",\"contentUrl\":\"https:\/\/yd-media.de\/portfolio\/webseiten\/aggmbh\/wp-content\/uploads\/2018\/07\/test1.png\",\"width\":600,\"height\":400,\"caption\":\"A&G GmbH\"},\"image\":{\"@id\":\"https:\/\/portfolio.yd-media.de\/aggmbh\/#logo\"}},{\"@type\":\"WebSite\",\"@id\":\"https:\/\/portfolio.yd-media.de\/aggmbh\/#website\",\"url\":\"https:\/\/portfolio.yd-media.de\/aggmbh\/\",\"name\":\"A&amp;G GmbH\",\"description\":\"Ein Softwareunternehmen aus Bremen\",\"publisher\":{\"@id\":\"https:\/\/portfolio.yd-media.de\/aggmbh\/#organization\"},\"potentialAction\":[{\"@type\":\"SearchAction\",\"target\":\"https:\/\/portfolio.yd-media.de\/aggmbh\/?s={search_term_string}\",\"query-input\":\"required name=search_term_string\"}],\"inLanguage\":\"de\"},{\"@type\":\"ImageObject\",\"@id\":\"https:\/\/portfolio.yd-media.de\/aggmbh\/#primaryimage\",\"inLanguage\":\"de\",\"url\":\"https:\/\/portfolio.yd-media.de\/aggmbh\/wp-content\/uploads\/2019\/08\/ag-development.jpg\",\"contentUrl\":\"https:\/\/portfolio.yd-media.de\/aggmbh\/wp-content\/uploads\/2019\/08\/ag-development.jpg\",\"width\":1200,\"height\":630},{\"@type\":\"WebPage\",\"@id\":\"https:\/\/portfolio.yd-media.de\/aggmbh\/#webpage\",\"url\":\"https:\/\/portfolio.yd-media.de\/aggmbh\/\",\"name\":\"A&G GmbH - Das kreative Software-Unternehmen in Bremen | A&G GmbH\",\"isPartOf\":{\"@id\":\"https:\/\/portfolio.yd-media.de\/aggmbh\/#website\"},\"primaryImageOfPage\":{\"@id\":\"https:\/\/portfolio.yd-media.de\/aggmbh\/#primaryimage\"},\"datePublished\":\"2019-11-07T13:52:55+00:00\",\"dateModified\":\"2023-01-12T13:28:09+00:00\",\"description\":\"A&G GmbH digitalisiert den Kassenbeleg. Mit einem Team aus Entwicklern und Designern haben wir admin entwickelt: die kostenlose App f\\u00fcr digitale Bons.\",\"breadcrumb\":{\"@id\":\"https:\/\/portfolio.yd-media.de\/aggmbh\/#breadcrumb\"},\"inLanguage\":\"de\",\"potentialAction\":[{\"@type\":\"ReadAction\",\"target\":[\"https:\/\/portfolio.yd-media.de\/aggmbh\/\"]}]},{\"@type\":\"BreadcrumbList\",\"@id\":\"https:\/\/portfolio.yd-media.de\/aggmbh\/#breadcrumb\",\"itemListElement\":[{\"@type\":\"ListItem\",\"position\":1,\"item\":{\"@type\":\"WebPage\",\"@id\":\"https:\/\/portfolio.yd-media.de\/aggmbh\/\",\"url\":\"https:\/\/portfolio.yd-media.de\/aggmbh\/\",\"name\":\"Startseite\"}},{\"@type\":\"ListItem\",\"position\":2,\"item\":{\"@id\":\"https:\/\/portfolio.yd-media.de\/aggmbh\/#webpage\"}}]}]}<\/script>\n<!-- \/ Yoast SEO plugin. -->","_links":{"self":[{"href":"https:\/\/portfolio.yd-media.de\/aggmbh\/wp-json\/wp\/v2\/pages\/59463"}],"collection":[{"href":"https:\/\/portfolio.yd-media.de\/aggmbh\/wp-json\/wp\/v2\/pages"}],"about":[{"href":"https:\/\/portfolio.yd-media.de\/aggmbh\/wp-json\/wp\/v2\/types\/page"}],"author":[{"embeddable":true,"href":"https:\/\/portfolio.yd-media.de\/aggmbh\/wp-json\/wp\/v2\/users\/10"}],"replies":[{"embeddable":true,"href":"https:\/\/portfolio.yd-media.de\/aggmbh\/wp-json\/wp\/v2\/comments?post=59463"}],"version-history":[{"count":10,"href":"https:\/\/portfolio.yd-media.de\/aggmbh\/wp-json\/wp\/v2\/pages\/59463\/revisions"}],"predecessor-version":[{"id":60052,"href":"https:\/\/portfolio.yd-media.de\/aggmbh\/wp-json\/wp\/v2\/pages\/59463\/revisions\/60052"}],"wp:attachment":[{"href":"https:\/\/portfolio.yd-media.de\/aggmbh\/wp-json\/wp\/v2\/media?parent=59463"}],"curies":[{"name":"wp","href":"https:\/\/api.w.org\/{rel}","templated":true}]}}